-8) composite?
True
Suppose -n + 3409 = 3*d, -4*n + 4*d + 1572 = -12064. Is n a prime number?
False
Let l = 39 + -36. Is -1*1324/(-7 + l) a composite number?
False
Let f = 19 + -36. Let a be -1*(f + 4) + -3. Suppose 2*w = 5*y - 3425, a*y - 5*y + 2*w = 3405. Is y a composite number?
False
Let s(u) be the third derivative of 131*u**4/24 - 2*u**3/3 - 4*u**2. Is s(1) prime?
True
Let c be (-1 - (-15296)/20)*5. Suppose -c + 14 = -5*r. Let p = -424 + r. Is p a prime number?
True
Suppose -9*w + 5*w + 2*i + 1838 = 0, -w + 3*i = -472. Is w a prime number?
True
Is ((-26)/(-91))/((6/(-258783))/(-1)) a composite number?
False
Let b = -129 + 250. Let z = 198 - b. Is z a composite number?
True
Suppose -4*i + 7 = 23. Suppose g + 1920 = -5*g. Is g/i + (0 - 1) a prime number?
True
Let a = -105 - -116. Is (a + -9)/(8/2956) a composite number?
False
Let q(k) = 75*k**2 - 37*k - 3. Is q(-26) a prime number?
True
Suppose 0*l = 2*l - 672. Let b(x) = -49*x**2 + 3. Let y be b(2). Let f = y + l. Is f composite?
True
Let b(h) = -h**2 - 3*h**2 - 2 - h + 5*h**2 + 1. Let t be b(1). Let k = 76 - t. Is k prime?
False
Let f = -85 + -31. Let u = 409 + f. Is u a prime number?
True
Is (-37646)/(-6) + 15/(-45) a composite number?
True
Let m(a) = -19*a**3 - 2. Let g be m(-2). Suppose -2*v + 272 = -g. Is v composite?
False
Let j be (6/(-4))/((45/(-50))/3). Suppose j*t = 2*n + 258 + 99, 4*n - 280 = -4*t. Is t a composite number?
False
Let k be (-4)/12 + 580/(-15). Is 13/k - (-2924)/6 a prime number?
True
Let a = 15047 + -7258. Is a prime?
True
Suppose 0*q = -2*q + 10334. Is q a prime number?
True
Suppose 5*i + 109 = 29. Let r be (-1)/(-4) - 28/i. Suppose 5*j - 455 = -3*s, -4*s + 249 = -r*j - 375. Is s composite?
True
Suppose -8064 = 7*j - j. Let v = -875 - j. Is v prime?
False
Suppose -3*i = -2*y + 2659, -2*i + 5358 = -y + 5*y. Is y a prime number?
False
Let z = -1947 - -2846. Let t = z - -558. Is t a prime number?
False
Let b = -6899 - -17733. Is b prime?
False
Let f(v) be the second derivative of v - 13/2*v**2 + v**3 - 1/20*v**5 - 7/12*v**4 + 0. Is f(-9) a prime number?
False
Let q be (-4 - 76/(-6))*36/4. Let u be (-2)/1*53 - 1. Let j = q - u. Is j a composite number?
True
Let a(h) = h - 5. Let f be a(-9). Is (-526 + -1 + 21/f)*-2 composite?
True
Let v = 15548 + 18719. Is v prime?
True
Is 1/((-707048)/(-2120586) - 2/6) prime?
False
Let k(h) = 196*h**2 + 5*h. Let f be k(-2). Let d = f + -223. Suppose 2*p = -x + d, -p - 2755 = -5*x - 2*p. Is x prime?
False
Let w = 62 - 60. Suppose 708 = -w*r + 8*r. Is r a prime number?
False
Suppose 15*n = 11*n + 8708. Is n a prime number?
False
Suppose -3*d - 14 = 5*t, d + 0*t = -2*t - 6. Suppose d*n + 3*i = i + 12, -5*n = -2*i - 16. Suppose 1661 = n*k - 8055. Is k a prime number?
False
Let d(l) be the third derivative of 7*l**6/120 + l**5/120 + 3*l**4/8 + 3*l**2. Let v(x) be the second derivative of d(x). Is v(5) composite?
False
Suppose p + 10471 = 5*t, 4*p - 2*p = 3*t - 6277. Let v(a) = -a + 4. Let c be v(2). Suppose t = 7*s - c*s. Is s composite?
False
Let t = 25 - 25. Suppose t = -v + 11 + 9. Suppose -4*k = 3*x - 2713, -k - 3*k - v = 0. Is x prime?
True
Let s(b) = -2*b**2 + 15*b + 50. Let h(y) = -2*y**2 + 16*y + 50. Let n(i) = 6*h(i) - 7*s(i). Is n(-15) a prime number?
False
Suppose 3*i + 3*t = -6, 0*t + 5*t = 4*i - 19. Is 5200 - (8 - i - 4) prime?
True
Suppose 0 = -u - 1922 + 62. Let a = u + 4649. Is a a composite number?
False
Let l(r) = 20*r**2 + 28*r + 53. Is l(-18) a prime number?
True
Suppose 5*m + 3*r - r = 1703, -4*m + 2*r + 1366 = 0. Is m prime?
False
Let j(o) = 18*o**2 + 2*o - 13. Let l be j(-20). Suppose 0 = -4*k + 2*b + 5664, 5*k + 68 = 3*b + l. Is k a composite number?
True
Suppose s - 5*l - 9 = 0, 9 = 4*s - 2*l - 9. Suppose -s*a = -1603 - 169. Is a a prime number?
True
Suppose -6*o + 9*o = 177. Let b = o + -40. Is b prime?
True
Let v = 2151 - 770. Is v a composite number?
False
Let f be (-5 + 6)*(-3)/1. Let u = -1 - f. Is (1 + 93/6)*u a prime number?
False
Let u(d) = -122*d - 464. Is u(-21) a prime number?
False
Suppose 8041 = 3*w - 5*h - 9423, 0 = h + 5. Is w a prime number?
True
Is (-239675)/15*(-27)/9 + 4 composite?
False
Suppose -4*n + 6*n + 5*t = 4, -2*n - 2*t = -4. Suppose n*i - 8679 = -9*i. Is i prime?
False
Is ((-9172)/(-1))/((-16)/(-18 + 10)) a prime number?
False
Suppose -4*m + 12 = 0, 2*m - 15 = 2*w + 15. Is (-2 - 1111)*4/w prime?
False
Suppose 0 = -2*x, 0*s - 2*x - 27 = -3*s. Suppose -15 = -5*v + l, v - 26 + s = 3*l. Suppose -v*t + 289 = 3*j, 3*t - t - j = 293. Is t prime?
False
Let p(u) = -6 + 8 + 0 + 16*u + 82*u. Let v be p(1). Suppose -v = -b + 223. Is b a composite number?
True
Suppose -4*z - 4 = -5*z. Let k be z/(3 - (-1156)/(-388)). Let l = -117 + k. Is l prime?
False
Is 81 - (3 - (-20)/(-3 - 2)) composite?
True
Suppose 5*z = -q + 83082, q - 2*z + 13256 - 96345 = 0. Is q a prime number?
False
Let x = 5 + -26. Let l be -5*-1*x/(-15). Is 2499/l + 2*-1 a prime number?
False
Suppose 0 = 5*s + 8 - 28. Let a(h) = 38*h**2 - 3*h + 1. Let c be a(s). Suppose 118 + c = 5*n. Is n a prime number?
False
Let m = 76 + -54. Is 26*(m/(-10))/((-2)/5) a composite number?
True
Suppose -61*j - 15738 = -67*j. Is j a prime number?
False
Let d(z) = -88*z - 25. Let f be d(-5). Suppose -n = -3*u - 121, -5*n + f + 172 = 3*u. Is n a prime number?
False
Let r = 16963 - 8982. Is r composite?
True
Is (-1 + 43103/(-4))/(1434/(-1912)) prime?
True
Let v = -1524 - -2639. Is v composite?
True
Suppose -4*q = 2*p - 2870, -6*p + 8*p - 2888 = 5*q. Is p a composite number?
False
Suppose -3*p - 3*j + 72786 = 0, 3*j = 13*p - 9*p - 97013. Is p a composite number?
True
Let q(j) = -j**2 + 7*j. Let t be q(4). Suppose 0*l - 2*o = -4*l - 2, 4*l = 4*o - t. Is (-4 - -5) + (l - 0) composite?
False
Let v(s) = -s**3 - 13*s**2 + 16*s + 30. Let l be v(-14). Suppose 0 = -l*j - 0*j + 9422. Is j composite?
True
Let v = -11 - -7. Let k be (-3 - v)*2 - -3. Suppose 0 = k*d - 0*d - 1085. Is d prime?
False
Suppose 9 = 4*a + 1. Let u(l) = 6*l**2 + 0*l**2 - 5*l**a - 13 - l. Is u(-11) composite?
True
Let p(l) = -1037*l - 5. Is p(-12) prime?
False
Let d = -1919 + 4474. Suppose 3*k + 2*k = d. Is k composite?
True
Let m be (12/34)/(-3) + 858/(-221). Is (m + (-60)/(-8))/(2/508) a prime number?
False
Suppose v = -0*v + 2. Suppose -2 = v*i + 3*a, i + 3*a = 2*a. Suppose o - 2*d = 7, -6*o - i*d = -4*o - 14. Is o composite?
False
Let r = 5589 + -1324. Is r prime?
False
Let h be 1/3 - (-2)/3. Let d be 589 - (1 - h - 0). Suppose 3*b = d + 44. Is b a prime number?
True
Let x be 8/4 - (-392 + 3). Suppose 3*r + 2*r = -3*t + 1945, r = -t + x. Is r composite?
True
Let j = 1384 - -3163. Is j a composite number?
False
Let q = 187 - 48. Let o = -233 + q. Let h = -43 - o. Is h a composite number?
True
Is -33*(48/(-80) - 4426/15) a prime number?
False
Suppose -q + m - 915 = 0, -m - m - 10 = 0. Let z = -31 - q. Is z a prime number?
False
Suppose 0 = -5*o + 3*o - 14. Let k(p) = 3*p**2 + 5*p + 3. Is k(o) prime?
False
Suppose 6*v - 25735 = -5*o + 2*v, 0 = 3*o + 5*v - 15441. Is o a composite number?
False
Suppose 27*r = 19*r + 138328. Is r composite?
False
Suppose 0 = 5*m - 7*m + 82. Let q = 198 - m. Is q a prime number?
True
Suppose -8137 = -5*c - 3*x + 6025, -c + 5*x + 2838 = 0. Is c a prime number?
True
Let a be (8628/18)/((-2)/6). Let s = a + 2080. Let c = s + -428. Is c composite?
True
Let f = -48 + -100. Let h be (15/2)/(15/40). Is (5/h)/((-1)/f) prime?
True
Suppose -17 = -5*g + 2*l - 2, 0 = -5*g - 3*l + 40. Suppose 13 = s + 4*v, -s + 1 = -g*v + 15. Is (s*-3)/(13/(-1079)) composite?
True
Let m(w) = -111*w + 56. Is m(-13) composite?
False
Let u(q) = q**3 + 14*q**2 + 6*q - 3. Let f be u(-7). Suppose -1064 = -2*b - f. Suppose -4*p - b = -5*c + 792, -1175 = -5*c - p. Is c composite?
True
Let j(p) = 4*p**3 + 4*p**2 + 10*p - 3. Let c be j(-4). Let b = 654 + c. Is b prime?
True
Let f = -523 + 526. Let d = -1 + 1. Suppose 3*x = -2*u - f*u + 3962, d = 5*x + u - 6596. Is x composite?
False
Let w(g) = g**3 - 10*g**2 - 13*g - 7. Let h(u) = -u**3 + 10*u**2 + 12*u + 8. Let a(r) = 6*h(r) + 5*w(r). Is a(7) a composite number?
True
Suppose 3*y - 1571 = 3*k - 170, -k - 5*y - 449 = 0. Let i = k + 1279. Suppose -i = 7*b - 12*b. Is b a composite number?
False
Let v(t) = 20*t + 13*t + 7 + 2. Let d be v(-7). Let f = 